2981200 a multiple of 784?
True
Does 145 divide 182540935?
True
Is 1682408876 a multiple of 46?
True
Is 11433 a factor of 3478933773?
False
Does 12 divide 4105236?
True
Is 352038648 a multiple of 13?
True
Is 163 a factor of 19339701?
False
Is 14 a factor of 3237629178?
True
Does 1373 divide 9933723?
False
Is 54187714 a multiple of 14?
True
Does 3 divide 920770?
False
Does 10 divide 127226354?
False
Is 27 a factor of 1393381494?
True
Is 61396150 a multiple of 711?
False
Does 416 divide 35642738?
False
Is 493 a factor of 54034772?
True
Does 197 divide 14252753?
True
Is 189 a factor of 4295340?
False
Is 2220602831 a multiple of 25?
False
Does 57 divide 919462790?
False
Is 55526089 even?
False
Does 92 divide 51504590?
False
Is 352 a factor of 200767776?
True
Does 3635 divide 180246520?
False
Does 9721 divide 1894195176?
True
Is 683800 a multiple of 20?
True
Does 423 divide 2613796947?
True
Is 67181101 a multiple of 522?
False
Does 773 divide 32706748?
False
Is 22 a factor of 1166767316?
True
Is 47 a factor of 404119770?
False
Is 1029612895 a multiple of 28?
False
Is 209094603 a multiple of 3304?
False
Is 1128 a factor of 152410848?
True
Is 44214081 a multiple of 61?
True
Is 145214458 a multiple of 59?
True
Is 169184675 a multiple of 3047?
True
Is 202040264 a multiple of 33?
False
Does 185 divide 79338545?
True
Does 19 divide 34443504?
True
Is 7832 a factor of 45541840?
False
Does 81 divide 16948521?
True
Is 355 a factor of 2496990236?
False
Is 1924891538 a multiple of 17?
True
Is 311 a factor of 17547255?
False
Is 4146 a factor of 592676686?
False
Does 1765 divide 11633115?
True
Does 884 divide 16378752?
True
Is 99863064 a multiple of 8?
True
Is 115800330 a multiple of 15?
True
Does 14 divide 38335426?
False
Does 19 divide 161857567?
False
Does 4945 divide 703204577?
False
Is 3960566668 a multiple of 132?
False
Is 29 a factor of 8247832?
True
Is 406818153 a multiple of 63?
True
Does 2748 divide 24177571?
False
Does 2184 divide 346846523?
False
Does 581 divide 30621024?
True
Is 76376974 a multiple of 900?
False
Is 911550012 a multiple of 227?
False
Is 46719003 a multiple of 10?
False
Is 466974920 a multiple of 168?
False
Is 2365176 a multiple of 11?
True
Is 6 a factor of 2502420?
True
Is 11 a factor of 808734669?
False
Does 87 divide 12143682?
False
Is 59 a factor of 211819716?
False
Is 901 a factor of 2357584243?
False
Is 2421851748 a multiple of 301?
False
Is 62010 a multiple of 18?
True
Is 2220077158 a multiple of 6362?
True
Does 2282 divide 383601831?
False
Is 10612080 a multiple of 680?
True
Is 1847 a factor of 2583762294?
False
Is 1916487888 a multiple of 16044?
True
Is 120 a factor of 628952852?
False
Does 26 divide 12315654?
True
Does 1344 divide 1364539591?
False
Is 6 a factor of 204383394?
True
Is 53651338 a multiple of 53?
False
Is 1830571104 a multiple of 184?
True
Does 10 divide 18098572?
False
Is 139 a factor of 311398642?
True
Is 15 a factor of 25201680?
True
Is 1042 a factor of 20201502?
False
Is 131685238 a multiple of 101?
False
Is 1093 a factor of 1307287022?
True
Is 223712424 a multiple of 234?
True
Is 22566660 a multiple of 2469?
True
Is 596937628 a multiple of 59?
False
Is 107 a factor of 385110548?
True
Is 16718912 a multiple of 469?
True
Does 270 divide 55769595?
False
Is 789280534 a multiple of 5714?
True
Is 359080020 a multiple of 780?
True
Does 35 divide 591161865?
True
Is 40300952 a multiple of 15?
False
Is 955885644 a multiple of 164?
True
Is 34 a factor of 3512001147?
False
Is 97007179 a multiple of 19?
True
Does 251 divide 89066047?
False
Does 355 divide 83290217?
False
Is 334 a factor of 1171702728?
True
Does 865 divide 822226921?
False
Is 290056248 a multiple of 1101?
True
Does 3189 divide 4724503500?
True
Is 66889950 a multiple of 87?
True
Is 5092483365 a multiple of 765?
True
Does 23 divide 20272452?
False
Is 25 a factor of 190831396?
False
Does 435 divide 57147111?
False
Is 18 a factor of 7804638?
True
Is 29 a factor of 332475965?
False
Does 1614 divide 82109022?
True
Does 6 divide 212608956?
True
Is 70 a factor of 35450242?
False
Is 52496403 a multiple of 6?
False
Is 103351215 a multiple of 165?
True
Is 1746 a factor of 4142264526?
True
Does 21 divide 968007232?
False
Is 2 a factor of 34049346?
True
Does 41 divide 58158269?
False
Does 1529 divide 184551334?
False
Does 7 divide 22996362?
False
Is 32855107 a multiple of 121?
False
Does 54 divide 612441540?
True
Is 943 a factor of 691137902?
True
Does 3404 divide 89232570?
False
Is 6 a factor of 311020644?
True
Does 208 divide 2842643088?
False
Is 30 a factor of 43086690?
True
Does 11 divide 5492407?
False
Is 5428360408 a multiple of 237?
False
Is 5359 a factor of 2497131910?
False
Is 89 a factor of 523223053?
False
Is 70 a factor of 686598360?
True
Does 8 divide 659066576?
True
Is 677895043 a multiple of 731?
True
Is 865 a factor of 26370990?
False
Is 177 a factor of 87284187?
True
Is 1454 a factor of 44762844?
True
Is 1241785344 a multiple of 512?
True
Is 445979655 a multiple of 135?
True
Is 1239998098 a multiple of 14?
False
Does 13 divide 86572675?
False
Is 7155702 a multiple of 54?
True
Is 641 a factor of 274025577?
True
Is 502 a factor of 57719348?
False
Is 69497867 a multiple of 2917?
False
Does 12 divide 1097139?
False
Does 111 divide 4311351?
True
Does 286 divide 302352799?
False
Is 240497391 a multiple of 826?
False
Is 198755648 a multiple of 16?
True
Does 14 divide 1951772326?
True
Does 5 divide 13809975?
True
Is 5 a factor of 28978250?
True
Is 2263414000 a multiple of 38?
False
Does 16 divide 36859632?
True
Is 262957097 a multiple of 403?
True
Is 875 a factor of 752816750?
True
Does 13 divide 153559822?
True
Is 43318396 a multiple of 188?
True
Is 198 a factor of 12319498?
False
Is 370 a factor of 233141899?
False
Is 30 a factor of 3320862?
False
Does 18 divide 31886406?
True
Is 13 a factor of 227178665?
False
Does 21 divide 115702273?
False
Does 151 divide 1307570457?
True
Is 1163 a factor of 26515237?
True
Is 1154623481 a multiple of 37?
False
Is 1924 a factor of 41708273?
False
Is 637254606 a multiple of 5761?
False
Does 1713 divide 159344973?
True
Does 1062 divide 822574224?
True
Does 604 divide 360279356?
True
Is 12194329 a multiple of 24?
False
Is 875488684 a multiple of 39?
False
Does 409 divide 617431717?
True
Is 353637230 a multiple of 37?
False
Is 833 a factor of 11437090?
True
Is 1218 a factor of 446028913?
False
Does 40 divide 150936960?
True
Is 473734135 a multiple of 13?
False
Is 141 a factor of 37743272?
False
Does 13 divide 449758265?
False
Is 5017704 a multiple of 6?
True
Is 80 a factor of 20314196?
False
Is 15808436 a multiple of 152?
False
Is 2035 a factor of 23430990?
True
Is 46 a factor of 43279882?
True
Is 96082326 a multiple of 118?
True
Does 206 divide 17894664?
False
Is 3 a factor of 9222855?
True
Is 88 a factor of 96464016?
True
Is 63185374 a multiple of 14?
True
Is 2180431642 a multiple of 17?
False
Does 100 divide 4753814300?
True
Is 61 a factor of 4896452430?
False
Is 8876252 a multiple of 644?
True
Is 234 a factor of 15694380?
True
Is 804538112 a multiple of 64?
True
Is 6 a factor of 559369979?
False
Does 153 divide 15303227?
False
Is 80182043 a multiple of 205?
False
Does 1008 divide 1992966777?
False
Does 27 divide 36706154?
False
Does 331 divide 35242184?
False
Is 8697304 a multiple of 154?
True
Is 241 a factor of 163853024?
False
Is 6 a factor of 8790228?
True
Is 18 a factor of 26443926?
True
Is 569961616 a multiple of 363?
False
Does 9140 divide 869405940?
True
Is 36 a factor of 7713790?
False
Does 57 divide 1042890411?
True
Is 42289468 a multiple of 559?
True
Is 36 a factor of 89209620?
True
Is 699 a factor of 2956591056?
True
Is 10717 a factor of 619864231?
False
Is 77723511 a multiple of 1871?
False
Is 433431810 a multiple of 630?
True
Is 4229 a factor of 717756278?
False
Does 30 divide 593387?
False
Is 34127472 a multiple of 24?
True
Is 160 a factor of 322545457?
False
Is 15 a factor of 64348590?
True
Does 38 divide 79999424?
True
Is 9017 a factor of 1631905677?
True
Is 73116534 a multiple of 105?
False
Does 221 divide 3586388?
True
Does 10 divide 115550?
True
Is 1158 a factor of 1043720527?
False
Does 165 divide 462655651?
False
Is 723 a factor of 1513249275?
False
Does 3630 divide 471486180?
True
Is 8784761 a